 + 202899. What is the highest common factor of 196 and s?
196
Suppose -325 = -5*l - 2*q, -130*q = -127*q - 15. Suppose 0 = -4*p - 5 - 3. Let t(h) = -3*h + 1. Let c be t(p). What is the greatest common divisor of c and l?
7
Suppose 5*l = -q + 5353, q - 1312 = -3*l + 4041. What is the greatest common divisor of q and 101?
101
Let s(x) = -474*x + 10979. Let v be s(23). What is the highest common divisor of 1408 and v?
11
Suppose 49*t - 1837 = 187*t - 15499. What is the highest common factor of t and 209?
11
Let v be (-6)/(-33) - ((-12392)/88 - -6). What is the greatest common divisor of v and 480?
15
Suppose -224 = -4*b + 512. Let v = -148 + b. What is the greatest common factor of v and 27?
9
Suppose 193 = 2*u - 2*v - 17, 4*u + 4*v = 428. Calculate the greatest common factor of 1113 and u.
53
Suppose -2850 = 71*i - 56*i. Let z = 325 + i. What is the highest common factor of 81 and z?
27
Suppose -5*y = -18*l + 19*l - 610, -5*y = -3*l + 1770. Let x = 140 - 105. Calculate the greatest common divisor of x and l.
35
Let z(m) = 356*m**3 - 8*m**2 - 22*m + 119. Let l be z(3). What is the greatest common divisor of 106 and l?
53
Suppose z + 3*q + q = 1273, 0 = 2*z - 4*q - 2570. Let s(p) = p**3 + 6*p**2 + p - 3. Let l be s(-3). What is the highest common divisor of l and z?
21
Let d be (((-4)/(-20))/((-8)/330))/(3/(-40)). What is the highest common divisor of d and 495?
55
Suppose 179 = 3*u + o, -223 = -4*u + 3*o + 20. Suppose -11*j - u = -16*j. Calculate the highest common factor of 6 and j.
6
Let z be 1/(2/4*1/4). Let y(a) = 2*a**2 + 8*a + 18. Let p be y(0). Calculate the greatest common factor of p and z.
2
Let g be ((-4)/2)/((-6)/9). Suppose w - 5*z - 45 - 19 = 0, z - 192 = -g*w. What is the highest common divisor of w and 8?
8
Let t(o) = -3*o**3 + 18*o**2 + 4*o + 10. Suppose -2*c + 11 = 5*f - 15, -f - 2*c + 2 = 0. Let k be t(f). Calculate the greatest common divisor of 153 and k.
17
Suppose -48*j - 2*j = 190*j - 8205120. What is the highest common factor of 111 and j?
111
Let w(a) = 3*a**2 + 33*a + 17. Suppose -9 = -3*m + 3*p - 63, -5*p = -20. Let s be w(m). Calculate the greatest common divisor of 52 and s.
13
Suppose 0 = -2*i + 1 + 9. Suppose i*g - 491 = -4*n, -n - 3*n + g + 473 = 0. Suppose n - 303 = -q. What is the greatest common factor of q and 46?
46
Suppose 16*t = 30*t - 2688. Calculate the greatest common divisor of t and 456.
24
Suppose 1981 = -m + 1983. Let a be 1/(1*(-2)/(-6)). What is the greatest common divisor of m and a?
1
Let c(p) = 16*p + 96*p**2 - 192*p**2 + 99*p**2 + 3. Let u be c(-8). Let k = 151 - u. What is the greatest common divisor of k and 12?
12
Let u be ((-33)/(-7))/(-11) - 22/14. Let p be u/((-165)/80 + 1 + 1). What is the greatest common divisor of 96 and p?
32
Suppose 3*s = 386 - 53. Suppose 0 = -109*d + s*d - 594. What is the greatest common divisor of d and 18?
9
Let d(v) = v**3 + 2*v**2 - 10*v + 4. Let g be d(2). Suppose a + 3*s = -g*a + 244, -s = -2*a + 467. What is the greatest common divisor of a and 47?
47
Suppose 2*c - 5*q = 952 + 4550, -8337 = -3*c - 3*q. What is the highest common factor of 68 and c?
17
Let g(h) = 131*h**2 - 7*h - 4. Let r be g(1). Calculate the highest common factor of r and 312.
24
Let u be (0 - (-1 - -3))*(-3 + 2). Suppose -u*k = -i - 93, 2*i + 92 = 5*k - 3*k. Calculate the highest common divisor of 141 and k.
47
Let l = 193 - 113. Suppose -3*d - 4*v = d - 36, -19 = -d - 3*v. Let g be ((-18)/(-7) - d)*(-8 - -1). What is the greatest common factor of l and g?
10
Let r be (-2800)/350 - -7*159. What is the greatest common divisor of 325 and r?
65
Suppose c - 21 = 4. Suppose -22 = 3*u - c. Let n be (0 + u + -2)*345/(-5). What is the greatest common factor of n and 23?
23
Suppose -4*d = -2*d - 262. Let n = 99 - d. Let v = 5 - n. Calculate the greatest common factor of v and 333.
37
Let t = 4843 - 3286. Suppose 8*l + 375 = 9*l - 4*s, -3*s = 4*l - t. What is the greatest common factor of l and 43?
43
Let c be 14574/(-12) + (-2)/4. Let h = -855 - c. Suppose -6*f + h = 3*f. What is the greatest common divisor of 5 and f?
5
Suppose -2670 = -c - 4*c. Suppose 416*z + 10980 = 559*z + 772*z. What is the greatest common factor of z and c?
6
Suppose b = 5*b - 80. Suppose -148 = -5*c - 38. Suppose 375 = 3*n + c*n. Calculate the highest common factor of n and b.
5
Suppose -728*z = -750*z + 1012. Calculate the highest common factor of z and 13386.
46
Suppose -10 = 4*a - 10. Suppose a*v + 195 = 15*v. Calculate the greatest common factor of 416 and v.
13
Let v = 3715 + -3694. Calculate the greatest common divisor of v and 28.
7
Suppose 12*i - 8*i = -26*i. Let q be -14 + (10 - i) - (-137 + 0). Calculate the greatest common divisor of 38 and q.
19
Let u(p) = -413*p + 7365. Let h be u(4). Calculate the highest common factor of 1576 and h.
197
Suppose 18444 = 2*r - 131*m + 130*m, -36900 = -4*r + 4*m. What is the greatest common divisor of r and 42?
21
Suppose -3*b + 157 = 145, 5*b - 2918 = -2*h. What is the highest common factor of 10971 and h?
207
Let o(i) = -i**3 - 16*i**2 + 8*i + 143. Let q be o(-16). Calculate the greatest common divisor of q and 193.
1
Let d = 181 + -181. Suppose 440 = -d*a + 11*a. Let s = 0 + 5. Calculate the highest common factor of a and s.
5
Suppose -94 = -8*t + 7202. Let v = 190 - 142. Calculate the highest common factor of t and v.
48
Let y(l) = -3*l + 50. Let f be y(6). Suppose 0 = -w + t + 19, 4*w + 3*t - 129 + f = 0. Let p = 18 + -7. What is the highest common divisor of p and w?
11
Let x(j) = -j**3 - 21*j**2 - 106*j - 6. Let w be x(-8). What is the greatest common divisor of w and 74?
2
Let a(y) = -y**2 + 36*y - 19. Let n be a(25). Calculate the greatest common factor of 688 and n.
16
Let w be 7 - ((-2)/(-1) + (-16200)/36). What is the highest common factor of 70 and w?
35
Suppose -14*z - 50 + 57 - 315 = 0. Suppose d = 5*h + 107, -3*d - 2*h + 238 = 2. Let w = d + z. Calculate the greatest common divisor of 10 and w.
10
Suppose 34*o = 3227 + 2247. Calculate the highest common factor of o and 5.
1
Suppose 16*b - 3*b = 71188. What is the highest common factor of b and 37?
37
Suppose -20*n = 2*c - 2145 - 3949, -15397 = -5*c + 4*n. What is the highest common divisor of 153 and c?
17
Suppose 1599 - 39623 = -8*x. What is the greatest common divisor of 97 and x?
97
Suppose -4*a = -3*z + 548, -73*z + 737 = -69*z + a. Let d be (-284)/(-18) - (-14)/63. What is the greatest common factor of d and z?
8
Suppose -6*j = -4 - 20. Suppose -j*p - 38 + 114 = 0. What is the greatest common factor of p and 380?
19
Let k be 114/36 + (-1)/6. Let m = 455 - 416. Calculate the greatest common factor of m and k.
3
Suppose -z - z + 312 = 0. Suppose 0 = -4*b + i - z + 15, -2*b + i = 71. Let y = -22 - b. What is the greatest common factor of y and 65?
13
Let h(x) = -2*x**2 + 3*x - 2. Let n be h(6). Let u = -58 - n. Let p be 49 - (2 - u/(-2)). What is the highest common factor of p and 6?
6
Let b be (-7 + -7 + 32/8 - -2) + 204. Let d = 832 + -587. Calculate the highest common divisor of d and b.
49
Suppose -h = -5*u + 2253, 4*u - 66*h = -63*h + 1809. Calculate the greatest common factor of u and 13230.
90
Suppose -2*g + 971 = -3*r - 3323, -3*g + 6475 = 4*r. Suppose g = 22*z - 267. Calculate the greatest common factor of 22 and z.
22
Suppose n - 49 = 4*f, -7 = -3*f - 1. Suppose m - 1471 = 5*j - m, -m - 297 = j. Let t = j - -466. Calculate the highest common factor of n and t.
57
Let c(j) = 337*j**2 + 3*j + 2. Let b be ((-2)/(0 - 6))/((-18)/54). Let i be c(b). Calculate the highest common factor of 96 and i.
48
Let n = -38 + 133. Suppose y - n = -5*k - y, 29 = 2*k - y. Let o = 6737 - 6550. What is the greatest common factor of o and k?
17
Let y be 2/((-7661)/(-2553) + -3). Calculate the greatest common factor of y and 69.
69
Let k = 4 - 44. Let w = k - -45. Suppose 8 - 23 = -l + m, m + 79 = w*l. Calculate the greatest common factor of 1 and l.
1
Let j = -157 + 166. Suppose j*q + 2*q - 550 = 0. What is the greatest common factor of q and 20?
10
Let s = -4118 - -4160. Calculate the highest common factor of s and 714.
42
Suppose 6*h - 4*h - 832 = 0. Suppose -q - 208 = -n, 2*n + 8*q - h = 3*q. Calculate the greatest common factor of n and 26.
26
Let n = 6539 + -6400. Calculate the highest common divisor of 8 and n